Let y = 34 - h. What is the tens digit of y?
1
Let c = 1718 - 1406. What is the units digit of c?
2
Suppose l - 5 = -k, 4*k - 4*l = 4 + 8. What is the units digit of k?
4
Suppose 4228 = 4*w + 2*d, 5282 = 5*w - 7*d + 8*d. What is the hundreds digit of w?
0
Let k(i) = 71*i**2 + 7. Let l(b) = 36*b**2 + 4. Let h(d) = 3*k(d) - 5*l(d). What is the tens digit of h(1)?
3
Suppose -13*w + 1831 + 4110 = 0. Let g = w + -319. What is the hundreds digit of g?
1
Let s = -7489 - -10641. What is the units digit of s?
2
Suppose a = o + 206 - 1748, 0 = 5*o + 3*a - 7686. What is the thousands digit of o?
1
Suppose 10*w + 140 = 38*w. What is the units digit of w?
5
Let g = -4466 + 6300. What is the thousands digit of g?
1
Suppose -4*h - 195 = -2443. What is the units digit of 2/(-10) + h/10?
6
Let k(j) = -9*j**2 - 10*j + 5. Let l be k(-10). What is the tens digit of 5/(-30) - l/18?
4
Let w(u) = -6*u + 0*u**2 + u + u**3 + 2 + 2*u**2 - 7*u**2. What is the tens digit of w(7)?
6
Let s(h) = -81*h - 3. Let b be (-13)/39*6/(0 + 1). What is the tens digit of s(b)?
5
Let i = 485 - -219. What is the units digit of i?
4
Let w be -2*(3 + 0 + -4). Suppose -k = -5*t + 189, w*t - 2*k - 82 = -0*k. What is the units digit of t?
7
Let b(z) = 183*z**2 + 12*z - 35. What is the tens digit of b(3)?
4
Let p(g) = 21*g - 3. Let v be p(1). Let u(h) = h**3 - 19*h**2 + 20*h. What is the tens digit of u(v)?
3
Suppose -11*q + 12 = -17*q. Let g(u) = -u + 3*u - 1 - 6*u. What is the units digit of g(q)?
7
Let s be 14 + -1 + (-12)/3. Suppose 5*a - 2*a = s. Suppose 0 = a*r - 96 - 54. What is the tens digit of r?
5
Let c be 0 - ((-5 - -3 - 0) + 3678). What is the tens digit of (-4)/14 - (c/(-28))/(-1)?
3
Let p be ((-15)/(-10))/((-3)/(-46)). Suppose 0 = -l + p + 95. What is the tens digit of l?
1
Let q = -251 + 690. What is the tens digit of q?
3
Let i be 1/((-4)/(-60)) - -1. Let k = i - 18. What is the units digit of (1*-1)/(k/10)?
5
Let k(a) = -2*a + 1. Let x be k(-3). Let r = x - 7. Let q = r - -27. What is the units digit of q?
7
Suppose -3030 = 9*n - 16188. What is the thousands digit of n?
1
Let v = 1 + 0. What is the units digit of -1 + 8 - (3 - v)?
5
Suppose -o = -5, -2*o + 1562 = 3*k + 592. Suppose -2*d + k = 2*g, -2*g - 323 = -4*g - d. What is the tens digit of g?
6
Let l = 39 + -62. Let o = l - -95. What is the units digit of o?
2
Suppose -2*z - 2*d + 1548 = -4*d, 4*d - 3843 = -5*z. What is the tens digit of z?
7
Suppose 0 = o - 72 - 79. Let m = o - 83. What is the tens digit of m?
6
What is the units digit of (-69245)/(-35) - 15/175*5?
8
Let p(j) = -5*j + 2. Let n = 19 - 17. Suppose 3*a = -3*y - 39, 6*y + 30 = -2*a + n*y. What is the tens digit of p(a)?
5
Let t(o) = 0 - 15*o - 56*o - 17 + 32. What is the hundreds digit of t(-3)?
2
Suppose g - 3*v = 25, -8*v + 3*v - 105 = -5*g. What is the units digit of g?
9
Let w(x) = 5*x - 15. Suppose -n + 4*p = 6 - 0, 0 = -2*n + 5*p - 15. Let a = n - -16. What is the units digit of w(a)?
5
What is the hundreds digit of (1368/(-24))/(3/(-7))?
1
Suppose p = -127 + 32. Let f = p - -141. What is the tens digit of f?
4
What is the units digit of (-9 + 7)/(((-20)/(-2946))/(-5))?
3
Let f = -351 + 519. Suppose g - f = -3*g + 3*p, 0 = -4*g - 4*p + 196. What is the units digit of g?
5
What is the units digit of (84/49)/((-6)/(-21))?
6
Suppose 9*k - 8*k = 6. What is the tens digit of 566/k*3/12*12?
8
Let s be 1/(-3) - (-760)/(-15). Let f = s + -3. What is the tens digit of (f/(-8))/(18/48)?
1
Let v(w) = -241*w - 410. What is the units digit of v(-8)?
8
Let i be (-4)/(2*12/(-42)). Let u(c) be the third derivative of -c**4/24 + 7*c**3/2 + c**2. What is the tens digit of u(i)?
1
Let y(p) = 9*p - 42. Let u be y(14). Suppose -192 = -6*o + u. What is the tens digit of o?
4
Let w(x) = 3*x**2 + 60*x - 133. What is the tens digit of w(-31)?
9
Suppose 0 = -2*r + 1529 - 73. What is the tens digit of r/16 + 3/(-2)?
4
Suppose -5*r = -7*r + 218. Suppose -2*l = -o + r, 89 = o + 5*l - 48. What is the units digit of o?
7
Suppose -r - 2*r + 9 = 0. Let v = -44 + 49. Suppose -4*b = -5*q + 168, -r*q = -7*q + v*b + 129. What is the tens digit of q?
3
Suppose -n - 108 = -2*m, m + n + 162 = 4*m. What is the units digit of m?
4
Let d = 130 - 61. Suppose 5*k - 274 = -d. What is the units digit of k?
1
Let b(q) be the first derivative of -q**5/15 - q**4/8 - 2*q**3/3 + 7. Let f(m) be the third derivative of b(m). What is the tens digit of f(-3)?
2
Suppose -31*f + 10518 = -25*f. What is the units digit of f?
3
Suppose 0 = -20*v + 3995 - 735. What is the tens digit of v?
6
Let a(b) = -783*b + 40. What is the thousands digit of a(-3)?
2
Let i(m) = m**3 - 12*m**2 + 10*m - 4. Let j be i(4). Let o = j - -134. What is the units digit of o?
2
Suppose -373 = -2*w + 6277. What is the thousands digit of w?
3
Let u(z) = 2*z**2 - 2*z - 209. What is the tens digit of u(26)?
9
Let y(b) = 19*b**3 - b**2 - 3*b + 3. Let a be y(2). Let v = -89 + a. What is the tens digit of v?
5
Let i(y) = 0*y**2 + 7 - y + y - y**2 - y. Let h be i(0). Let t(x) = x**3 - 7*x**2 + 2*x + 8. What is the units digit of t(h)?
2
Suppose 10478 = 80*f - 67*f. What is the tens digit of f?
0
Let f(v) = -5*v**3 - 3*v**2 + 14*v + 7. What is the hundreds digit of f(-6)?
8
Suppose 2*z + 8 = 4*z. Let h be (-10)/z*(-2 + 4). Let v = h + 9. What is the units digit of v?
4
Suppose 4*g + 3*f - 12702 = 0, 7856 - 23737 = -5*g - 2*f. What is the tens digit of g?
7
Let x = 6944 - 4155. What is the thousands digit of x?
2
Let s = 1374 + -415. What is the hundreds digit of s?
9
Let p be 402 + (3 - (-1)/(-1)). Let u = -150 + p. What is the tens digit of u?
5
Let b(g) = -g**2 + 7*g + 6. Let q be b(7). Let r(v) = 4*v - 13. What is the units digit of r(q)?
1
Let z be (24/14)/((-4)/(-14)). Let f(q) = -3*q**2 + 7*q - 3 - 4*q**2 + 6*q**2 + 2*q. What is the units digit of f(z)?
5
Suppose 14*k + 184 = 18*k. Suppose -g - 12 = -k. What is the units digit of g?
4
Let r(b) = -b**3 - 7*b**2 - 4*b + 7. Suppose -2*o = 3*s - 113, 4 = -0*s - 4*s. Let l be o/(-8) - 1/(-4). What is the tens digit of r(l)?
3
Let r(v) = -103*v + 24. Let k be r(-6). Suppose 0 = -5*m + t + 234 + k, -2*m + 352 = -2*t. What is the tens digit of m?
7
Suppose 0 = 3*n + 13 - 4. Let g(c) = -2*c - 3. Let w be g(n). Suppose -3*t = -a - 53, -w*a = -5*t + 2*t + 45. What is the tens digit of t?
1
Suppose 5*v = v - 24. Let j be (v/4)/((-2)/4). Suppose j + 67 = 2*t. What is the tens digit of t?
3
Let w(x) = 5*x - 1. Let k(i) = -6*i**2 - 9. Let z(m) = -3*m**2 - 5. Let y(r) = -4*k(r) + 7*z(r). Let p be y(1). What is the units digit of w(p)?
9
Suppose 32*t = 40*t - 160. What is the tens digit of t?
2
Suppose 7752 + 1036 = 4*h. What is the tens digit of h?
9
Let v(h) be the third derivative of -11/60*h**5 + 4*h**2 + 3/2*h**3 + 1/2*h**4 + 0 + 1/120*h**6 + 0*h. What is the units digit of v(10)?
9
Suppose -173*k - 11016 = -197*k. What is the tens digit of k?
5
Let s be ((-2)/6)/((-14)/(-2226)). What is the tens digit of -5 + 1 - -6 - s?
5
Let c = 373 - 249. Let i = 222 + c. What is the hundreds digit of i?
3
Let g be (-21)/(-7) + (-1 - 2). Let h be g + -1 + (4 - 0). Suppose -h*s - 2*s + 35 = 0. What is the units digit of s?
7
Let w be 34/6 + 18/(-27). Suppose 4*p = -u + w*p + 4, p = -4*u + 1. What is the tens digit of u + -3 - (-15 - 0)?
1
Suppose 21*x - 15391 - 15458 = 0. What is the units digit of x?
9
Let c = -699 + 997. What is the units digit of c?
8
What is the hundreds digit of -3 + (139 - 6)/1?
1
Let q(s) be the third derivative of 4*s**2 - 1/12*s**4 + 1/6*s**3 + 23/60*s**5 + 0 + 0*s. What is the units digit of q(1)?
2
Suppose -3*w - 5 - 34 = 0. Let s = w + 6. Let g(x) = -x**2 - 10*x - 10. What is the tens digit of g(s)?
1
Suppose 0 = -0*m + 4*m - 2*q - 184, -3*m - 5*q = -125. Suppose -4*b = 2*d + 3*d - m, 0 = -3*b + 15. What is the units digit of d?
5
Suppose 125809 - 33534 = 25*k. What is the tens digit of k?
9
Let y = -638 + 1781. What is the tens digit of y?
4
Suppose -2*s - 556 = -2*t, -4*s + 98 = 4*t - 998. What is the tens digit of t?
7
Suppose -d + 3*b = -2*b - 15, 0 = -3*d + 4*b + 12. Suppose 4*o - m - 600 = -43, d = 3*m - 9. What is the units digit of o?
0
What is the units digit of (8 - 375/45)/((-2)/2034)?
9
Let a(q) = -q**3 + 38*q**2 - 2*q + 126. What is the units digit of a(38)?
0
Suppo